{"id":786,"date":"2021-09-24T10:01:35","date_gmt":"2021-09-24T08:01:35","guid":{"rendered":"https:\/\/prodigious.fi\/?page_id=786"},"modified":"2021-09-29T10:35:08","modified_gmt":"2021-09-29T08:35:08","slug":"blog","status":"publish","type":"page","link":"https:\/\/prodigious.fi\/?page_id=786","title":{"rendered":"Blog"},"content":{"rendered":"\n<p class=\"has-larger-font-size\"><strong>Min vandring runt Kebnekaise\u2026\u2026\u2026.och upp!<\/strong><\/p>\n\n\n\n<p>Trotts att ha rest v\u00e4rlden, och kl\u00e4ttrat p\u00e5 de flesta kontinenterna, hade de skandinaviska fj\u00e4llen undg\u00e5tt mig helt och h\u00e5llet. Nu var det dags att b\u00f6rja er\u00f6vra de h\u00f6gsta topparna i Norden, s\u00e5 det b\u00f6rjade med Sveriges h\u00f6gsta, Kebnekaise. Mitt Kebnekaise \u00e4ventyr startade den 9. September. Jag satt mig i bilen kl. 8 p\u00e5 morgonen i Helsingfors, och knappt 13h senare var jag framme i Nikkaluotka som ligger 70km v\u00e4st om Kiruna. Det var s\u00e5 pass sent p\u00e5 kv\u00e4llen att jag inte orkade b\u00f6rja h\u00e4rja med t\u00e4ltet, utan f\u00e4llde ned ryggst\u00f6den p\u00e5 bakb\u00e4nkarna, bl\u00e5ste upp sov underlaget, kr\u00f6p in i sovs\u00e4cken, och sov faktiskt mycket bra den natten.<\/p>\n\n\n\n<p>Efter ett rej\u00e4lt campingmorgonm\u00e5l var det d\u00e5 dags att b\u00f6rja vandra<\/p>\n\n\n\n<p style=\"font-size:22px\"><strong>F\u00f6rsta etappen: NIKKALUOKTA SARRI \u2013 TARFALA FORSKNINGSSTATION 22.7km<\/strong><\/p>\n\n\n\n<div class=\"wp-block-media-text alignwide is-stacked-on-mobile\"><figure class=\"wp-block-media-text__media\"><img loading=\"lazy\" decoding=\"async\" width=\"575\" height=\"378\" src=\"https:\/\/prodigious.fi\/wp-content\/uploads\/2021\/09\/Nikkaluotka-Tarfala-2.jpg\" alt=\"\" class=\"wp-image-805 size-full\" srcset=\"https:\/\/prodigious.fi\/wp-content\/uploads\/2021\/09\/Nikkaluotka-Tarfala-2.jpg 575w, https:\/\/prodigious.fi\/wp-content\/uploads\/2021\/09\/Nikkaluotka-Tarfala-2-300x197.jpg 300w\" sizes=\"auto, (max-width: 575px) 100vw, 575px\" \/><\/figure><div class=\"wp-block-media-text__content\">\n<p style=\"font-size:14px\"> Etappens tv\u00e5 f\u00f6rsta kilometrar \u00e4r l\u00e4ttvandrade, bred och fin led. Efter ca. 4km kommer man till Ladjojaure sj\u00f6n d\u00e4r man har alternativet att \u00e5ka b\u00e5t \u00f6ver sj\u00f6n. Best\u00e4mde mig f\u00f6r att g\u00f6ra s\u00e5, eftersom jag visste att jag hade en l\u00e5ng f\u00f6rsta dag framf\u00f6r mig, och en rinka som v\u00e4ger mest i detta skede. Man sparar ca 6km i promenad med att \u00e5ka \u00f6ver sj\u00f6n. P\u00e5 andra sidan sj\u00f6n blir leden n\u00e5got stenigare, men \u00e4nd\u00e5 l\u00e4tt vandrad. Efter bron \u00f6ver Darf\u00e1ljohka sv\u00e4nger leden in mot Tafaladalen och blir brantare i n\u00e5gra kilometer. Leden g\u00e5r f\u00f6rst genom fj\u00e4llbj\u00f6rkskog, f\u00f6ljt av ett vidstr\u00e4ckt stenf\u00e4lt. Tarfala fj\u00e4llstugan ligger omgiven av m\u00e4ktiga fj\u00e4llv\u00e4ggar intill sj\u00f6n Darf\u00e1lj\u00e1vri. Jag slog l\u00e4ger ca. 1km f\u00f6re fj\u00e4llstugan vid en liten sj\u00f6 vid forskningsstationen, f\u00f6r n\u00e4sta dags vandring skulle ta mig h\u00e4rifr\u00e5n rakt v\u00e4sterut upp och mellan Darf\u00e1lcorru och Darf\u00e1lchohkka topparna.  Det tog mig 7 &#8211; 8 h att vandra st\u00e4ckan<\/p>\n<\/div><\/div>\n\n\n\n<figure class=\"wp-block-gallery columns-3 is-cropped wp-block-gallery-1 is-layout-flex wp-block-gallery-is-layout-flex\"><ul class=\"blocks-gallery-grid\"><li class=\"blocks-gallery-item\"><figure><img loading=\"lazy\" decoding=\"async\" width=\"1024\" height=\"768\" src=\"https:\/\/prodigious.fi\/wp-content\/uploads\/2021\/09\/20210910_122620-2-1024x768.jpg\" alt=\"\" data-id=\"819\" data-link=\"https:\/\/prodigious.fi\/?attachment_id=819\" class=\"wp-image-819\" srcset=\"https:\/\/prodigious.fi\/wp-content\/uploads\/2021\/09\/20210910_122620-2-1024x768.jpg 1024w, https:\/\/prodigious.fi\/wp-content\/uploads\/2021\/09\/20210910_122620-2-300x225.jpg 300w, https:\/\/prodigious.fi\/wp-content\/uploads\/2021\/09\/20210910_122620-2-768x576.jpg 768w, https:\/\/prodigious.fi\/wp-content\/uploads\/2021\/09\/20210910_122620-2-1536x1152.jpg 1536w, https:\/\/prodigious.fi\/wp-content\/uploads\/2021\/09\/20210910_122620-2-2048x1536.jpg 2048w\" sizes=\"auto, (max-width: 1024px) 100vw, 1024px\" \/><\/figure><\/li><li class=\"blocks-gallery-item\"><figure><img loading=\"lazy\" decoding=\"async\" width=\"1024\" height=\"768\" src=\"https:\/\/prodigious.fi\/wp-content\/uploads\/2021\/09\/20210910_130515-5-1024x768.jpg\" alt=\"\" data-id=\"820\" data-link=\"https:\/\/prodigious.fi\/?attachment_id=820\" class=\"wp-image-820\" srcset=\"https:\/\/prodigious.fi\/wp-content\/uploads\/2021\/09\/20210910_130515-5-1024x768.jpg 1024w, https:\/\/prodigious.fi\/wp-content\/uploads\/2021\/09\/20210910_130515-5-300x225.jpg 300w, https:\/\/prodigious.fi\/wp-content\/uploads\/2021\/09\/20210910_130515-5-768x576.jpg 768w, https:\/\/prodigious.fi\/wp-content\/uploads\/2021\/09\/20210910_130515-5-1536x1152.jpg 1536w, https:\/\/prodigious.fi\/wp-content\/uploads\/2021\/09\/20210910_130515-5-2048x1536.jpg 2048w\" sizes=\"auto, (max-width: 1024px) 100vw, 1024px\" \/><\/figure><\/li><li class=\"blocks-gallery-item\"><figure><img loading=\"lazy\" decoding=\"async\" width=\"1024\" height=\"768\" src=\"https:\/\/prodigious.fi\/wp-content\/uploads\/2021\/09\/20210910_155519-4-1024x768.jpg\" alt=\"\" data-id=\"821\" data-link=\"https:\/\/prodigious.fi\/?attachment_id=821\" class=\"wp-image-821\" srcset=\"https:\/\/prodigious.fi\/wp-content\/uploads\/2021\/09\/20210910_155519-4-1024x768.jpg 1024w, https:\/\/prodigious.fi\/wp-content\/uploads\/2021\/09\/20210910_155519-4-300x225.jpg 300w, https:\/\/prodigious.fi\/wp-content\/uploads\/2021\/09\/20210910_155519-4-768x576.jpg 768w, https:\/\/prodigious.fi\/wp-content\/uploads\/2021\/09\/20210910_155519-4-1536x1152.jpg 1536w, https:\/\/prodigious.fi\/wp-content\/uploads\/2021\/09\/20210910_155519-4-2048x1536.jpg 2048w\" sizes=\"auto, (max-width: 1024px) 100vw, 1024px\" \/><\/figure><\/li><li class=\"blocks-gallery-item\"><figure><img loading=\"lazy\" decoding=\"async\" width=\"1024\" height=\"768\" src=\"https:\/\/prodigious.fi\/wp-content\/uploads\/2021\/09\/20210910_170844-4-1024x768.jpg\" alt=\"\" data-id=\"822\" data-full-url=\"https:\/\/prodigious.fi\/wp-content\/uploads\/2021\/09\/20210910_170844-4-scaled.jpg\" data-link=\"https:\/\/prodigious.fi\/?attachment_id=822\" class=\"wp-image-822\" srcset=\"https:\/\/prodigious.fi\/wp-content\/uploads\/2021\/09\/20210910_170844-4-1024x768.jpg 1024w, https:\/\/prodigious.fi\/wp-content\/uploads\/2021\/09\/20210910_170844-4-300x225.jpg 300w, https:\/\/prodigious.fi\/wp-content\/uploads\/2021\/09\/20210910_170844-4-768x576.jpg 768w, https:\/\/prodigious.fi\/wp-content\/uploads\/2021\/09\/20210910_170844-4-1536x1152.jpg 1536w, https:\/\/prodigious.fi\/wp-content\/uploads\/2021\/09\/20210910_170844-4-2048x1536.jpg 2048w\" sizes=\"auto, (max-width: 1024px) 100vw, 1024px\" \/><\/figure><\/li><\/ul><\/figure>\n\n\n\n<p><\/p>\n\n\n\n<p style=\"font-size:22px\"><strong>Andra etappen: TARFALA FORSKNINGSSTATION &#8211;&nbsp; KASKAVAGGE 12.5km<\/strong><\/p>\n\n\n\n<div class=\"wp-block-media-text alignwide is-stacked-on-mobile\"><figure class=\"wp-block-media-text__media\"><img loading=\"lazy\" decoding=\"async\" width=\"507\" height=\"385\" src=\"https:\/\/prodigious.fi\/wp-content\/uploads\/2021\/09\/Tarfala-Kaskavagge.jpg\" alt=\"\" class=\"wp-image-824 size-full\" srcset=\"https:\/\/prodigious.fi\/wp-content\/uploads\/2021\/09\/Tarfala-Kaskavagge.jpg 507w, https:\/\/prodigious.fi\/wp-content\/uploads\/2021\/09\/Tarfala-Kaskavagge-300x228.jpg 300w\" sizes=\"auto, (max-width: 507px) 100vw, 507px\" \/><\/figure><div class=\"wp-block-media-text__content\">\n<p style=\"font-size:14px\">Fr\u00e5n Tarfala forskningsstation kl\u00e4ttrade jag upp mellan de tv\u00e5 fj\u00e4lltopparna och kom upp till strax under 1 600 meter \u00f6ver havet. V\u00e4dret \u00e4ndrades v\u00e4ldigt fort, och pl\u00f6tsligt var jag mitt inne i dimman med en visibilitet under 10m. En snabbkoll p\u00e5 gps kordinaterna, en utprickning p\u00e5 kartan och s\u00e5 var det bara att ge sig i v\u00e4g med kompassen som ledtr\u00e5d. N\u00e4stan lika snabbt som dimman kom in, f\u00f6rsvann den ocks\u00e5 medan jag kom p\u00e5 l\u00e4gre h\u00f6jder. Vandringen fortsatte l\u00e4ngs med Darf\u00e1lchohkka fj\u00e4llsidan mot den lilla sj\u00f6n v\u00e4ster om V\u00e1rdu fj\u00e4llet, d\u00e4r jag stannade f\u00f6r lunch. Efter lunchen vandrade jag vidare en bit v\u00e4sterut l\u00e4ngs Gaskasjohka floden d\u00e4r jag stannade f\u00f6r natten. Dagens vandring gick till 90% p\u00e5 stenr\u00f6sen, d\u00e4rf\u00f6r tog det tidsm\u00e4ssigt n\u00e4stan lika l\u00e4nge att g\u00e5 h\u00e4lften av str\u00e4ckan j\u00e4mf\u00f6rt med dagen innan. Dessutom kl\u00e4ttringen fr\u00e5n Tarfala till mellanpasset p\u00e5 de tv\u00e5 fj\u00e4lltopparna var ingen l\u00e4tt bedrift den heller, eftersom det var en \u00f6kning p\u00e5 ca. 900 h\u00f6jdmeter med en s\u00e5 gott som fullsatt packning.. Denna etapp var tuff och sv\u00e5rg\u00e5tt.  Vandringstiden idag var 6 &#8211; 7h<\/p>\n<\/div><\/div>\n\n\n\n<p><\/p>\n\n\n\n<p><\/p>\n\n\n\n\n\n\n\n\n\n\n\n\n\n<p><strong>Tredje etappen: KASKAVAGGE &#8211;&nbsp; VISTAS STUGAN 23.3 kilometer, 7\u20138 timmars vandring<\/strong><\/p>\n\n\n\n<p>Fr\u00e5n min l\u00e4gerplats tog jag mig en bit tillbaka, och passerade Kaskavagge fj\u00e4llstugan p\u00e5 v\u00e4gen mot Vistasstugan. Idag blev det en vandring med lite mer variation \u00e4n den steniga vandringen ig\u00e5r. Jag tog mig upp och runt Palkastak fj\u00e4llet fr\u00e5n gr\u00e4shedar till stenr\u00f6sen in i fj\u00e4llbj\u00f6rkskogen och in bland m\u00e4ktiga fj\u00e4llv\u00e4ggar i dalen Stuor Reaiddavaggi. Vyn fram\u00e5t \u00e4r det spetsformade berget N\u00e1llu. Jag slog l\u00e4ger ca. 3km f\u00f6re Vistasstugan eftersom det s\u00e5g ut som ett stormv\u00e4der var p\u00e5 v\u00e4g in, vilket det gjorde ocks\u00e5. Hann precis f\u00e5 upp t\u00e4ltet innan det b\u00f6rjade regna, vilket senare f\u00f6rvandlades till isblandat regn. Hela natten h\u00f6ll det p\u00e5, men lyckligtvis s\u00e5 tog det slut vid gryningen.<\/p>\n\n\n\n\n\n\n\n\n\n\n\n<p><strong>13.9 Tredje etappen VISTAS \u2013 SINGI 26.8 kilometer, 7\u20138 timmars vandring<\/strong><\/p>\n\n\n\n\n\n<p>Jag b\u00f6rjade min dag med att vandra mot Vistasstugan vilket jag rundade p\u00e5 et litet avst\u00e5nd. Det blev vad ett \u00f6ver Nallojohka, men det var enkelt avklarat. Nallostugan rundades ocks\u00e5 p\u00e5 avst\u00e5nd och rutten var b\u00e5de stenig och gr\u00e4shedar d\u00e4r f\u00e4rgspektaklet var helt otroligt. N\u00e4rmare Singi blev terr\u00e4ngen \u00e5ter stenigare. N\u00e4ra Singi ligger sommarvistet K\u00e5rtjevuolle, med samiska k\u00e5tor och reng\u00e4rden.<\/p>\n\n\n\n\n\n\n\n\n\n<p><strong>14.9 Fj\u00e4rde etappen SINGI \u2013 KEBNEKAISE FJ\u00c4LLSTATION 14.85km vandringstid 4 5h vandring<\/strong><\/p>\n\n\n\n\n\n<p>P\u00e5 vandringen mellan STF Singi Fj\u00e4llstuga och STF Kebnekaise Fj\u00e4llstation g\u00e5r man genom den tr\u00e5nga och bitvis dramatiska delen av Laddjuvagge. Mellan Singi och Kebnekaise hittar man flera av landets mest klassiska kl\u00e4tterleder, som Siluetten p\u00e5 Toulpagorni. De f\u00f6rsta kilometerna g\u00e5r svagt uppf\u00f6r innan man n\u00e5r sj\u00f6n Lassajaure och sj\u00e4lva dalg\u00e5ngen. H\u00e4r \u00e4r vyerna storslagna i b\u00e5da riktningarna. F\u00e4rden forts\u00e4tter sedan \u00f6sterut mot den respektingivande passagen mellan Singitj\u00e5kkas och Sk\u00e1rttoaivis grova, branta v\u00e4ggar. N\u00e4r man passerat den tr\u00e5nga delen av dalg\u00e5ngen Laddjuvagge breder landskapet ut sig. De sista kilometrarna bort mot Kebnekaise Fj\u00e4llstation g\u00e5r p\u00e5 skr\u00e5 i delvis stenig terr\u00e4ng.<\/p>\n\n\n\n\n\n\n\n\n\n<p><strong>15.9 Femte etappen KEBNEKAISE FJ\u00c4LLSTATION-KEBNEKAISE SYDTOPP \u00d6STRA OCH V\u00c4STRA LEDEN 20 kilometer, 8-9 timmars vandring<\/strong><\/p>\n\n\n\n\n\n<p>Den&nbsp;\u00d6stra leden&nbsp;\u00e4r en kortare led, men inneh\u00e5ller i geng\u00e4ld sv\u00e5rare moment med passage \u00f6ver Bj\u00f6rlings glaci\u00e4r och kl\u00e4ttring. Leden \u00e4r helt omarkerad. \u00d6stra leden b\u00f6rjar vid samma utg\u00e5ngspunkt som V\u00e4stra leden men efter 1 km viker leden av upp i J\u00f6kelb\u00e4cken. Terr\u00e4ngen blir h\u00e4r brantare upp mot Kebnetj\u00e5kko, f\u00f6r att d\u00e4refter plana ut mot Bj\u00f6rlings glaci\u00e4r d\u00e4r leden forts\u00e4tter. Efter Bj\u00f6rlings glaci\u00e4r kommer man fram till den etapp som inneb\u00e4r kl\u00e4ttring. Kl\u00e4ttringen \u00e4r tekniskt l\u00e4tt, och det \u00e4r f\u00e4st en st\u00e5lvajer i bergv\u00e4ggen, en s\u00e5 kallad \u201dvia ferrata\u201d. Med hj\u00e4lp av st\u00e5lvajern som man s\u00e4krar sig i med hj\u00e4lp av kl\u00e4tterutrusning tar man sig vidare de kommande 200 h\u00f6jdmeter.<\/p>\n\n\n\n<p>Kitteldalen, leden g\u00e5r d\u00e5 parallellt med Kittelb\u00e4cken. D\u00e4refter forts\u00e4tter man \u00f6ver fj\u00e4llet Vierranvarri, f\u00f6r att sedan g\u00e5 ner i n\u00e4sta dal, Kaffedalen. D\u00e4rifr\u00e5n \u00e4r det slutligen en n\u00e4stan rak linje upp mot toppen. Det \u00e4r nu stigningen mot toppen b\u00f6rjar p\u00e5 riktigt. Efter 400 h\u00f6jdmeter passerar du Gamla toppstugan, d\u00e5 har du 200 h\u00f6jdmeter kvar till toppglaci\u00e4ren.<\/p>\n\n\n\n<p>Ner l\u00e4ngs den V\u00e4stra leden \u00e4r inledningsvis en nedstigning till Kaffedalen varifr\u00e5n man g\u00e5r upp km upp till \u201dpasset\u201d mellan Vierramvare och Tuolpagorni, endast en r\u00f6sad led och markerad med r\u00f6dm\u00e5lade stenar och sm\u00e5 stenh\u00f6gar. Efter en tid kommer man till en stentrappa som 2017-2019 byggdes av sherpas fr\u00e5n Nepal. Efter ca 4 km kommer man till bron \u00f6ver Kittelb\u00e4cken och d\u00e4rifr\u00e5n n\u00e5gra kilometer tillbaka till fj\u00e4llstationen.<\/p>\n\n\n\n<p>V\u00e4stra leden \u00e4r sommartid en vandringsled i mycket stenig, oj\u00e4mn och brant terr\u00e4ng, den \u00e4r l\u00e5ng och fysiskt kr\u00e4vande. En total stigning p\u00e5 ca 1800 h\u00f6jdmeter. Det medf\u00f6r att den upplevs som betydligt l\u00e4ngre och tuffare \u00e4n vad enbart str\u00e4ckan f\u00e5r en att tro. Turen brukar ta mellan 10 och 14 timmar men det \u00e4r naturligtvis helt beroende p\u00e5 kondition och individuella f\u00f6ruts\u00e4ttningar. Det kan helt klart g\u00e5 fortare men \u00e4ven ta l\u00e4ngre tid.<\/p>\n\n\n\n\n\n\n\n\n\n<p><strong>16.9 Sj\u00e4tte etappen KEBNEKAISE FJ\u00c4LLSTATION\u2013 NIKKALUOTKA 19 kilometer<\/strong><\/p>\n\n\n\n\n\n<p>Startade vid gryningen fr\u00e5n Keb, gick rask till Nikkaluokta vart jag kom 4.5h senare. Naturen hade blivit \u00e4nnu f\u00e4rggrannare \u00e4n vid b\u00f6rjan av min vandring, En stor \u00e4lg p\u00e5 leden skr\u00e4mde livet av b\u00e5de sig sj\u00e4lv och av mig likas\u00e5, mycket mer \u00e4n s\u00e5 h\u00e4nde det inte p\u00e5 den sista avslutande vandringsetappen. I Nikkaluokta v\u00e4ntade en v\u00e4lkommen varm och l\u00e5ng dusch, varefter satt mig i bilen f\u00f6r den l\u00e5nga hemf\u00e4rden till Helsingfors. Hemma var jag ca. 13h senare, tr\u00f6tt men bel\u00e5ten &#x1f60a;<\/p>\n\n\n\n\n\n\n\n\n\n<p><strong>Sammanfattning<\/strong><\/p>\n\n\n\n<p>Totalt blev det allts\u00e5 133km vandrat, en b\u00e5ttur p\u00e5 6km, en bergstopp p\u00e5 2102m (2096m), bar p\u00e5 en rinka som initialt v\u00e4gde knappt 30kg (drygt 20kg vid retur) och m\u00e5nga fina minnen. F\u00f6r mig \u00e4r en ensamvandring alltid n\u00e5got speciellt. Det k\u00e4nns mycket avkopplande att komma bort fr\u00e5n allt, och speciellt denna \u00e5rstid n\u00e4r vandrings s\u00e4songen p\u00e5 m\u00e5nga st\u00e4llen n\u00e4rmar sitt slut. Jag fick g\u00e5 i 4 dagar utan att tr\u00e4ffa en enda m\u00e4nniska, vilket \u00e5 ena sidan \u00e4r v\u00e4ldigt sk\u00f6nt, men \u00e5 andra sidan m\u00e5ste man samtidigt vara speciellt aktsam och f\u00f6rsiktig att man inte r\u00e5kar i trubbel, f\u00f6r hj\u00e4lpen kan vara l\u00e5ngt borta ifall n\u00e5got allvarligare skulle h\u00e4nda. Som bergsbestigare med 5 av de 7-summits under b\u00e4ltet, har av n\u00e5gon underlig anledning de skandinaviska fj\u00e4llen undg\u00e5tt mig. Nu med Sveriges topp i bagaget, st\u00e5r Norge, Island och Finland n\u00e4st p\u00e5 min bucket list. Danmark l\u00e4r det inte vara n\u00e5gon vits att s\u00f6ka n\u00e5gra berg att bestiga\u2026. &#x1f60a;<\/p>\n\n\n\n\n\n<p>C. Nykopp <\/p>\n\n\n\n<figure class=\"wp-block-gallery columns-0 is-cropped wp-block-gallery-2 is-layout-flex wp-block-gallery-is-layout-flex\"><ul class=\"blocks-gallery-grid\"><\/ul><\/figure>\n","protected":false},"excerpt":{"rendered":"<p>Min vandring runt Kebnekaise\u2026\u2026\u2026.och upp! Trotts att ha rest v\u00e4rlden, och kl\u00e4ttrat p\u00e5 de flesta kontinenterna, hade de skandinaviska fj\u00e4llen undg\u00e5tt mig helt och h\u00e5llet.&hellip;<\/p>\n","protected":false},"author":1,"featured_media":0,"parent":0,"menu_order":0,"comment_status":"closed","ping_status":"closed","template":"","meta":{"footnotes":""},"class_list":["post-786","page","type-page","status-publish","hentry"],"_links":{"self":[{"href":"https:\/\/prodigious.fi\/index.php?rest_route=\/wp\/v2\/pages\/786","targetHints":{"allow":["GET"]}}],"collection":[{"href":"https:\/\/prodigious.fi\/index.php?rest_route=\/wp\/v2\/pages"}],"about":[{"href":"https:\/\/prodigious.fi\/index.php?rest_route=\/wp\/v2\/types\/page"}],"author":[{"embeddable":true,"href":"https:\/\/prodigious.fi\/index.php?rest_route=\/wp\/v2\/users\/1"}],"replies":[{"embeddable":true,"href":"https:\/\/prodigious.fi\/index.php?rest_route=%2Fwp%2Fv2%2Fcomments&post=786"}],"version-history":[{"count":6,"href":"https:\/\/prodigious.fi\/index.php?rest_route=\/wp\/v2\/pages\/786\/revisions"}],"predecessor-version":[{"id":826,"href":"https:\/\/prodigious.fi\/index.php?rest_route=\/wp\/v2\/pages\/786\/revisions\/826"}],"wp:attachment":[{"href":"https:\/\/prodigious.fi\/index.php?rest_route=%2Fwp%2Fv2%2Fmedia&parent=786"}],"curies":[{"name":"wp","href":"https:\/\/api.w.org\/{rel}","templated":true}]}}